{"id":18,"date":"2011-05-26T15:09:15","date_gmt":"2011-05-26T15:09:15","guid":{"rendered":"http:\/\/www.mieterverein-dorsten.de\/dorsten\/?page_id=18"},"modified":"2011-05-26T15:09:53","modified_gmt":"2011-05-26T15:09:53","slug":"satzung","status":"publish","type":"page","link":"https:\/\/www.mieterverein-dorsten.de\/dorsten\/satzung\/","title":{"rendered":"Satzung"},"content":{"rendered":"<p>Falls Sie noch keinen Adobe Reader auf Ihrem Computer installiert haben, so k\u00f6nnen Sie diese (zum \u00d6ffnen der Beitrittserkl\u00e4rung ben\u00f6tigte) Standardsoftware direkt beim Hersteller Adobe kostenfrei herunterladen. Klicken Sie dazu auf <a href=\"http:\/\/www.adobe.com\/de\/products\/acrobat\/readstep2.html\">diesen Link<\/a>.<\/p>\n<p><a style=\"FONT-WEIGHT: bold; color:red;font-size:16px;\" href=\"\/pdf\/satzung.pdf\">SATZUNG &Ouml;FFNEN (PDF-DOKUMENT)<\/a><\/p>\n","protected":false},"excerpt":{"rendered":"<p>Falls Sie noch keinen Adobe Reader auf Ihrem Computer installiert haben, so k\u00f6nnen Sie diese (zum \u00d6ffnen der Beitrittserkl\u00e4rung ben\u00f6tigte) Standardsoftware direkt beim Hersteller Adobe kostenfrei herunterladen. Klicken Sie dazu auf diesen Link. SATZUNG &Ouml;FFNEN (PDF-DOKUMENT)<\/p>\n","protected":false},"author":1,"featured_media":0,"parent":0,"menu_order":5,"comment_status":"closed","ping_status":"open","template":"","meta":[],"_links":{"self":[{"href":"https:\/\/www.mieterverein-dorsten.de\/dorsten\/wp-json\/wp\/v2\/pages\/18"}],"collection":[{"href":"https:\/\/www.mieterverein-dorsten.de\/dorsten\/wp-json\/wp\/v2\/pages"}],"about":[{"href":"https:\/\/www.mieterverein-dorsten.de\/dorsten\/wp-json\/wp\/v2\/types\/page"}],"author":[{"embeddable":true,"href":"https:\/\/www.mieterverein-dorsten.de\/dorsten\/wp-json\/wp\/v2\/users\/1"}],"replies":[{"embeddable":true,"href":"https:\/\/www.mieterverein-dorsten.de\/dorsten\/wp-json\/wp\/v2\/comments?post=18"}],"version-history":[{"count":2,"href":"https:\/\/www.mieterverein-dorsten.de\/dorsten\/wp-json\/wp\/v2\/pages\/18\/revisions"}],"predecessor-version":[{"id":20,"href":"https:\/\/www.mieterverein-dorsten.de\/dorsten\/wp-json\/wp\/v2\/pages\/18\/revisions\/20"}],"wp:attachment":[{"href":"https:\/\/www.mieterverein-dorsten.de\/dorsten\/wp-json\/wp\/v2\/media?parent=18"}],"curies":[{"name":"wp","href":"https:\/\/api.w.org\/{rel}","templated":true}]}}