{"id":2,"date":"2011-05-26T12:39:02","date_gmt":"2011-05-26T12:39:02","guid":{"rendered":"http:\/\/mieterverein-dorsten.de\/dorsten\/?page_id=2"},"modified":"2026-02-28T12:24:22","modified_gmt":"2026-02-28T12:24:22","slug":"startseite","status":"publish","type":"page","link":"https:\/\/www.mieterverein-dorsten.de\/dorsten\/","title":{"rendered":"Startseite"},"content":{"rendered":"<p><span style=\"color: #ff0000;\">Achtung<\/span> <span style=\"color: #ff0000;\">neuer Mitgliedsbeitrag !<\/span><br \/>\nF\u00fcr Neu-Mitglieder ab dem 01.07.2024 j\u00e4hrlich 72,00 \u20ac<\/p>\n<p>Wir m\u00f6chten uns Ihnen vorstellen!<\/p>\n<p><strong>&#8211; Ihr starker Partner &#8211;<\/strong><br \/>\n(auch f\u00fcr gewerblich genutzte Mietobjekte)<\/p>\n<p><strong>Mieter brauchen Schutz &#8211; und das mit Recht!!!<\/strong><\/p>\n<p>Wir beraten und helfen:bei Abschluss eines Mietvertrages bei Heiz- und sonstigen Nebenkostenabrechnungen bei Mieterh\u00f6hungen bei Sch\u00f6nheitsreparaturen bei K\u00fcndigungen in allen miet- und wohnrechtlichen Angelegenheiten.<br \/>\nAls Mitglied erhalten Sie kostenlos Auskunft und Beratung aussergerichtlich\u00a0in allen Mietangelegenheiten; und zwar unmittelbar nach Unterschrift der Beitrittserkl\u00e4rung! Au\u00dferdem werden erforderliche aussergerichtliche Schriftwechsel f\u00fcr Sie kostenlos durch unseren Rechtsanwalt durchgef\u00fchrt. Die Mieterzeitung erhalten Sie alle 2 Monate mit neuesten Nachrichten und Urteilen, f\u00fcr Sie ebenfalls kostenlos!<\/p>\n<p>Der Beitrag betr\u00e4gt \u20ac 72,00\u00a0 j\u00e4hrlich (mtl. \u20ac 6,00). Keine Aufnahmegeb\u00fchr &#8211; keine Wartezeit!<\/p>\n","protected":false},"excerpt":{"rendered":"<p>Achtung neuer Mitgliedsbeitrag ! F\u00fcr Neu-Mitglieder ab dem 01.07.2024 j\u00e4hrlich 72,00 \u20ac Wir m\u00f6chten uns Ihnen vorstellen! &#8211; Ihr starker Partner &#8211; (auch f\u00fcr gewerblich genutzte Mietobjekte) Mieter brauchen Schutz &#8211; und das mit Recht!!! Wir beraten und helfen:bei Abschluss eines Mietvertrages bei Heiz- und sonstigen Nebenkostenabrechnungen bei Mieterh\u00f6hungen bei Sch\u00f6nheitsreparaturen bei K\u00fcndigungen in allen [&hellip;]<\/p>\n","protected":false},"author":1,"featured_media":0,"parent":0,"menu_order":1,"comment_status":"open","ping_status":"open","template":"","meta":[],"_links":{"self":[{"href":"https:\/\/www.mieterverein-dorsten.de\/dorsten\/wp-json\/wp\/v2\/pages\/2"}],"collection":[{"href":"https:\/\/www.mieterverein-dorsten.de\/dorsten\/wp-json\/wp\/v2\/pages"}],"about":[{"href":"https:\/\/www.mieterverein-dorsten.de\/dorsten\/wp-json\/wp\/v2\/types\/page"}],"author":[{"embeddable":true,"href":"https:\/\/www.mieterverein-dorsten.de\/dorsten\/wp-json\/wp\/v2\/users\/1"}],"replies":[{"embeddable":true,"href":"https:\/\/www.mieterverein-dorsten.de\/dorsten\/wp-json\/wp\/v2\/comments?post=2"}],"version-history":[{"count":17,"href":"https:\/\/www.mieterverein-dorsten.de\/dorsten\/wp-json\/wp\/v2\/pages\/2\/revisions"}],"predecessor-version":[{"id":270,"href":"https:\/\/www.mieterverein-dorsten.de\/dorsten\/wp-json\/wp\/v2\/pages\/2\/revisions\/270"}],"wp:attachment":[{"href":"https:\/\/www.mieterverein-dorsten.de\/dorsten\/wp-json\/wp\/v2\/media?parent=2"}],"curies":[{"name":"wp","href":"https:\/\/api.w.org\/{rel}","templated":true}]}}